u be c(69). Let a(b) = -1. Let w(t) = 5*t + 25. Let i(q) = -25*a(q) - w(q). What is i(u)?
-25
Let j(h) = 19*h - 3. Let t be j(1). Let o(p) = -5 - 6 + t - 11 + 3*p. What is o(3)?
3
Let y(d) be the first derivative of -d**3/3 + 6*d**2 - 26*d - 71. Let u be y(9). Let o(v) = 5*v. Give o(u).
5
Let i(t) = t**3 + 12*t**2 + 12*t + 9. Suppose -61 = 5*c + 3*u, 5*u = -5*c - 67 + 2. Determine i(c).
-2
Let d = -30476 - -30469. Let g(b) = b**3 + 9*b**2 + 3*b - 50. What is g(d)?
27
Let o(y) be the second derivative of 5*y**3/6 + 135*y**2/2 - 133*y + 3. Give o(-26).
5
Let l(p) be the first derivative of -p - 12 - 1/2*p**2. Determine l(-3).
2
Let p(o) = -o**3 - 3*o**2 + 6*o + 3. Let x be p(-4). Let u(w) be the second derivative of -w**4/12 - w**3/2 + 5*w**2/2 + 2529*w. Determine u(x).
-5
Let z(o) be the second derivative of 3*o**5/20 - o**4/4 + o**3/6 + o**2 - 3427*o. Give z(1).
3
Suppose 9*g - 456 = 6*g + 79*g. Let p(f) = -f**3 - 7*f**2 - 3*f - 15. Determine p(g).
-33
Let i(x) be the second derivative of -11/2*x**2 + 1/12*x**4 + 0 + x + 4/3*x**3. Suppose 6*n + n - 117 = 20*n. What is i(n)?
-2
Let h be -10 + (-816)/(-84) - 16/(-7). Let v(z) = -134 + z**2 + 135 + 4*z + h*z. Give v(-3).
-8
Let m = 45820 - 45874. Let w(a) = 5*a**2 + 272*a + 106. What is w(m)?
-2
Let x(u) be the first derivative of -2/3*u**3 - 6*u + 102 + 7/2*u**2. Determine x(4).
-10
Let w(h) = h**2 + 10*h + 12. Let t be w(-8). Let b(u) be the first derivative of -u**4/4 - u**3 + 2*u**2 - 4*u - 1711. Determine b(t).
-4
Let u(c) be the second derivative of c**5/20 - c**4/2 - c**3/3 + c**2 + c. Suppose -376*n + 381*n - 14*v - 86 = 0, 4*n = 5*v + 44. Calculate u(n).
-10
Suppose 0 = c - 42 + 39. Suppose 0 = -c*p - 4*t - 26, 3*p + 6 = 4*t - 28. Let r(g) = -g**3 - 10*g**2 - g - 14. Give r(p).
-4
Suppose 13*g - 157 = 64. Let q(n) = 10*n**2 - 14*n - 5. Let l(w) = 29*w**2 - 40*w - 14. Let c(f) = g*q(f) - 6*l(f). What is c(2)?
-13
Let j(a) be the first derivative of -a**4/4 - 5*a**3/3 - 5*a**2/2 - 3*a + 2505. Give j(-4).
1
Suppose 9*u + 93 = m + 6*u, 0 = -4*m - 5*u + 321. Let k = m + -90. Let d(y) = y**2 + 7*y. Give d(k).
-6
Let n(y) = -y**2 + 3*y - 22. Let s = 21587 - 21582. What is n(s)?
-32
Suppose -3*f + s + 4*s + 43 = 0, f = 3*s + 21. Let j(t) = -17*t + 99. Calculate j(f).
-3
Let r(d) = d**2 + 9*d + 3 - 42 - 1 + 1 + 7. Calculate r(-13).
20
Let w(q) = q + 12. Suppose 382*m - 4088 = 2406. Determine w(m).
29
Let u(d) = -d**2 + 12*d - 9. Let n(r) = 4*r**2 - 66*r + 38. Let p be n(16). Let j be -4*(-5*(p + -4))/4. What is u(j)?
11
Let l(h) = 2*h**3 + 2*h**2 - 14*h - 5. Suppose 115 = -j + 56 + 56. Calculate l(j).
1
Let x(a) = -113*a**3 - 19*a**2 + 1 - 29*a + 30*a + 20*a**2. What is x(-1)?
114
Let p(g) = -g**2 + 23*g - 3. Suppose -70*w + 610 = -720. Give p(w).
73
Suppose 2 = -d, -5*k + 2*d = 4*d - 16. Let c(p) be the third derivative of -p**6/120 + p**5/10 - p**4/4 + p**3/3 - 167*p**2 + 35*p. What is c(k)?
10
Let r = 234 - 14039/60. Let y(v) be the third derivative of 0*v + 0 + 16*v**2 + 5/24*v**4 + r*v**5 + v**3. Give y(-5).
6
Let w(u) = -u**2 + 2. Let k be w(3). Let n(z) = -6*z**2 - 14*z - 1. Let m(c) = 2*c**2 + 2*c + 2. Let j(r) = 2*m(r) + n(r). Give j(k).
-25
Suppose -b - 36 = -2*n, 0 = -n + 10*b - 5*b + 9. Suppose -9*j + n = 10. Let g(o) = -10*o + 1. What is g(j)?
-9
Let c(l) be the first derivative of 7/2*l**2 - 8*l + 40 + 1/3*l**3. What is c(-7)?
-8
Let f(l) = 2*l + 25*l**2 + 28*l**2 - 6*l**3 + 3 - 55*l**2. Let r(v) = -7*v**3 - 2*v**2 + 2*v + 4. Let h(m) = 5*f(m) - 4*r(m). Calculate h(1).
-3
Suppose 135 = -17*t + 84. Let x(a) = 2*a**3 + 10*a**2 + 10*a. Determine x(t).
6
Let m = 6545 - 6533. Let o(g) = -g + 38. What is o(m)?
26
Let g(x) = x + 4. Suppose -4*s + 3 = -13. Let d be (-4)/18 + (-204)/54. Let y be s*2*(1 + 7/d). Give g(y).
-2
Let x(a) = 24976 - 24923 + 0*a + 0*a - 7*a. Calculate x(7).
4
Let y be 47/17 + (-1688)/(-7174). Let a(u) = -u**3 + 2*u**2 - 7*u + 4. Calculate a(y).
-26
Let x(f) = f**3 - 7*f**2 + 3. Let c(y) = y. Suppose -2*z - 2 = 0, -m + 0*m + 5*z + 8 = 0. Let u be c(m). Determine x(u).
-33
Let o(a) = -3 + 5 + 157*a**2 + 6*a - 158*a**2 - 1. Suppose p = 3*p - 8. What is o(p)?
9
Let q be 5/1*(-152)/380. Let y(g) = 9*g**2 + 4*g + 4. Determine y(q).
32
Let f(h) = 3*h + 6. Let s(k) be the second derivative of -k**4/3 - 5*k**3/6 + 6*k**2 - k + 7. Let y be s(-3). Calculate f(y).
-21
Let g(f) = -226*f + 18. Let c(y) = 75*y + 1. Let r(p) = -3*c(p) - g(p). What is r(17)?
-4
Let s(f) = 3*f**2 - 2*f - 2. Let o(i) = i**3 + 3*i. Let c be o(-2). Let m be 30/(-25)*(1 + c/4). Calculate s(m).
19
Let d(u) = 2*u**2 + 13*u + 3. Let f = -23 + 37. Suppose 6*j + 4*i - f = 9*j, 15 = -3*j + 3*i. Give d(j).
-3
Suppose 18 = 35*r - 26*r. Let l(o) = -o**3 + 148 - 150 + 6*o + 40*o**r - 35*o**2. Determine l(6).
-2
Let s(r) = 115*r + 142*r + r**2 - 236*r + 84. Give s(-16).
4
Suppose 5*b = 2*u + 7 + 9, u = -b + 6. Let l(q) = -28*q + 57*q - 28*q + u. Give l(-7).
-5
Suppose -4 = 5*g - 24. Suppose 2*r + g*w = -0*r + 16, -20 = -5*w. Suppose r = 4*f - 3*f + 2. Let n(a) = a**3 + 5*a**2 + 4*a + 3. Give n(f).
7
Let a(v) = v**2 - 4*v + 1. Let z be a(1). Let p(d) = -7*d + 2. Let i(m) = -3*m + 2. Let u(w) = z*p(w) + 5*i(w). Give u(0).
6
Let m(x) = -5*x**3 - x**2 - 2*x - 1. Let f(q) = -13*q**3 - 3*q**2 - 5*q + 1. Let o(s) = 2*f(s) - 5*m(s). Determine o(0).
7
Let y(k) = -3*k - 15. Suppose 0 = -28*t + 23*t - 20. Let j(g) = g - 1. Let p(w) = t*j(w) - y(w). Give p(11).
8
Suppose -3*z + 3*o = 2*z + 2, z - 3*o = 2. Let s(b) = 3*b**2 + 3*b**2 - 8*b**2 + b + 44 - 29 - 14. Calculate s(z).
-2
Suppose -2*c + 22 = 3*r - 0*c, -3*c + 23 = 2*r. Let f(u) = u - 3. Let b(t) = -30 + 18 + 11. Let l(i) = 4*b(i) - f(i). What is l(r)?
-5
Let w be (-1)/((-8)/(-9) - 1). Let z(h) = -3*h**2 - w*h + 0*h + 3*h**2 + 10 + h**2. Determine z(8).
2
Let x(i) be the second derivative of -i**4/12 + 13*i**3/6 - 37*i**2/2 + 3*i + 56. Let j be x(6). Let v(p) = -5*p + 23. Calculate v(j).
-2
Let p(j) = -8*j - 189. Let v be p(-24). Let z(s) = 9 + v*s - 4*s - 2 + 2*s - 5. What is z(5)?
7
Let s(k) be the third derivative of 0 - 82*k**2 - 5/6*k**3 + 1/60*k**5 + 1/8*k**4 + 0*k. Calculate s(-4).
-1
Let v(j) = j**2 - 11*j + 20. Let k be v(9). Let r be -2 + (0 - (-4)/k). Let n(o) = 0*o**3 - 4*o**2 + r*o**3 - 28*o - 1 + 32*o - o**3. Give n(-5).
4
Let c(l) = -l - 6. Let w(b) = -12*b - 29. Let d(u) = -5*c(u) + w(u). Calculate d(1).
-6
Let y(f) = 5*f - 9. Let m be 72/(-60)*(-325)/(-26). Determine y(m).
-84
Let s(k) = -9*k**2 + k**3 - 11381 + 11395 - 2*k**3 - 16*k. What is s(-6)?
2
Let k(n) be the first derivative of n**3 - 3*n**2/2 + n - 2. Let s = 206 + -203. Let f(z) = 10*z**2 - 8*z + 2. Let t(w) = s*f(w) - 8*k(w). Calculate t(-2).
22
Let l(j) = j**3 + 2*j**2 - 1. Suppose -75*g - 69*g + 8*g - 408 = 0. Calculate l(g).
-10
Let c(d) = d**3 - 8*d**2 + 49*d + 12. Let m(z) = 5*z**2 - 28*z - 7. Let j(n) = 4*c(n) + 7*m(n). Suppose -2*l + 4 - 8 = 0. Determine j(l).
-21
Let l(x) = 10*x + 250. Let h be l(-25). Let t(u) = -28*u**2 + 1 + h + 0*u + 17*u**2 + 3*u + u**3 + 15*u**2. What is t(-3)?
1
Let v(d) be the first derivative of -d**4/4 + 5*d**3/3 - 5*d**2/2 + 9*d - 4551. Determine v(4).
5
Let s(g) = -g - 7. Suppose 4*u + 1 = 4*n + 101, -4*u - 2*n = -100. Let p(q) = q**3 - 26*q**2 + 25*q - 3. Let v be p(u). Calculate s(v).
-4
Let x(s) = -s**2 + 11*s + 13. Let g be (-10)/(-25)*((-220)/(-8) + -10). Determine x(g).
41
Let l(v) = -22*v - 26. Let u(z) = 41*z + 48. Let f(j) = 11*l(j) + 6*u(j). What is f(0)?
2
Let c be 0*(16/(-6) + 3). Suppose c = 10*q - 12*q. Suppose -6*j + 0*j + 36 = q. Let l(v) = -v**2 + 7*v - 6. Give l(j).
0
Let g(c) = -c**3 - 7*c**2 + 5*c - 4. Suppose 624 = 4*z + 648. Determine g(z).
-70
Let i(a) = -2*a + 4. Suppose -10*o + 22 = 2. Suppose 4*v - 4 = -3*p + 1, 2*p = o*v + 8. Give i(p).
-2
Suppose 0 = a - 3*y + 11, 4*a - 24 = 3*y - 50. Let g(j) = -j**2 - 3*j + 7. Give g(a).
-3
Let c(r) = -r**3 - 26*r**2 + 21. Suppose -2*h + 35*v - 64 = 32*v, 3*h = -2*v - 70. Give c(h).
21
Let k(g) = g**3 - g - 7. Suppose -6*f + 139 = -11. Suppose f = -3*q + 5*r, -r + 2*r = 3*q + 5. What is k(q)?
-7
Let z(k) = 11*k**2 - 27*k + 11. Let m(p) = 2*p**2 - 5*p + 1. Let r(q) = -4*m(q) + z(q). What is r(2)?
5
Let r(s) = -s**2 - 3*s - 8. Let w = 465 - 449. Suppose 100 = -41*x + w*x. Give r(x).
-12
Let